 Let b(m) = -5*m**3 - 12*m**2 + 12*m + 5. Let v(a) = z*b(a) - 4*k(a). What is the units digit of v(-13)?
8
Suppose q + 10 = 6*q. Let y(t) be the first derivative of 17*t**2/2 - 4*t + 1. What is the units digit of y(q)?
0
Suppose 3*p - 6 = -3*f, -3*f + p - 2*p = -4. Let z = f - -2. Suppose -51 = -z*l - 15. What is the tens digit of l?
1
Suppose 0*a = -a + 2. Suppose 7 - 5 = a*n. What is the units digit of (-1*n)/((-7)/329)?
7
Let f(d) = -d - 6. Let s be f(-8). Let z be -8*(1/s - 1). Suppose -84 = -4*n - 4*o, 3*o - 16 = z*n - 114. What is the tens digit of n?
2
Let t = -278 + 399. What is the tens digit of t?
2
Let c(k) = k**3 - 15*k**2 + 22*k - 34. Let x be c(14). Let h = -42 + x. What is the units digit of h?
6
Suppose -427 = -5*s - 2*v, -v = -3*s - 4*v + 258. Let g = 161 - s. What is the units digit of g?
6
Let w = 251 - 446. What is the tens digit of 40/(-6)*w/26?
5
Suppose 89 = -p - 3*b, 5*p + 509 = 4*b + 83. Let o = p + 323. What is the units digit of o?
7
Suppose 5*b + 559 = 2*q - 113, 0 = 2*q - b - 672. What is the units digit of q?
6
Suppose 0*u + 3*u - 267 = 0. Suppose u = 2*k - 35. What is the units digit of k?
2
Let d(u) = -24*u - 7. Let x be d(-5). Let o = 259 - x. What is the tens digit of o?
4
Let j = 26 + -4. Let h = 45 + -42. Suppose j = -2*m + h*m. What is the tens digit of m?
2
Let i be -3 - ((-24)/3 - 3). What is the units digit of (10/15)/(i/708)?
9
Let g = 58 + -84. What is the units digit of (4 - g/(-6))*-54?
8
Let z = 143 + 226. What is the hundreds digit of z?
3
Let b(r) = 16*r**2 + 6*r + 32. What is the tens digit of b(-5)?
0
Suppose -8*t + 18 = -5*t. Let k(s) = 3 - 6*s + s - t*s. What is the tens digit of k(-3)?
3
Let n = -10 - -12. Suppose o - 2 = 6*o + 2*t, 2 = -3*o - n*t. What is the units digit of o + -1 + -2 - -13?
0
Let u(v) = -3*v**3 - 9*v**2 - 4*v - 23. Let q be u(-6). Suppose 94 - q = -7*c. What is the units digit of c?
3
What is the units digit of (1/2)/((-39)/(-468))?
6
Let r(q) = q**2 + 9*q - 2. Let x be (6/(-8))/((-2)/24). Suppose 3*t = -24 - x. What is the tens digit of r(t)?
2
Let h(u) = 2*u - 1. Let d = -12 - -17. Suppose -6 = d*k - 26. What is the units digit of h(k)?
7
Suppose 17*h = 21*h - 16. What is the units digit of 26/((h/14)/((-4)/(-7)))?
2
Let w(m) = -m**3 + 14*m**2 + 34*m - 32. Let s be w(16). Let z = -2 + 8. Let c = z + s. What is the units digit of c?
6
Let h = 1723 + -1354. What is the tens digit of h?
6
Let h(m) = -1078*m - 6. Let x be h(-5). Suppose a = 3*a - x. What is the tens digit of a/60 - 4/(-30)?
4
Let o be (-40 - -2)*9/(-3). Let z = o + -71. What is the tens digit of z?
4
Let w(d) = d + 9. Let r be w(-11). Let l = r - -2. Suppose 4*z - 4*x - 62 - 202 = 0, l = 2*z + 2*x - 148. What is the tens digit of z?
7
Let o be (420/(-9))/(-7)*18/4. Suppose 2*v - o = -2*z, -9*v - z + 55 = -4*v. What is the tens digit of v?
1
Let j(t) = 6*t**2 - 11*t + 31. What is the units digit of j(4)?
3
Let d be (-2)/(-4)*(125 + -11). Let h = d - -48. Suppose 5*m = -0*m + h. What is the units digit of m?
1
What is the hundreds digit of (-7898)/(-4) - (-17 - (-435)/30)?
9
Suppose 45 = 2*z + 45. Suppose -g - 4*g = 80. What is the tens digit of z/(g/(-4)) - -32?
3
Let w(g) = -5*g - 5. Let s be w(-4). What is the tens digit of 564/s + (-2)/(-5)?
3
Suppose 7*k = 3*k. Let s be (k/(-3 - 0))/1. What is the units digit of -1 + s - (-2 - 18)?
9
Suppose 27 - 5 = 2*a. Let y = a + 23. What is the tens digit of y?
3
Suppose -4*g + 12 = 0, -2*p - 38*g = -34*g - 1186. What is the units digit of p?
7
Let o = -146 - -429. What is the hundreds digit of o?
2
What is the units digit of 6 - (-2770 + 13 + -7)?
0
Suppose 0 = -3*x + v + 110, 27 = x - 2*v - 8. Suppose -3*w + 5*s - x = 0, -s + 1 = 4*w + 12. What is the units digit of w/(-6) - (-292)/12?
5
Suppose -2*o + h = 4*h - 683, 5*h + 348 = o. Suppose 12*c - o = 281. What is the units digit of c?
2
Let b(f) = 2*f - 1. Let u = -31 - -43. What is the units digit of b(u)?
3
Suppose 0 = 12*c + 4182 - 414. Let w = c - -464. What is the tens digit of w?
5
Suppose j - 6*d = -8*d + 1637, 3*j - 4961 = 4*d. What is the tens digit of j?
4
Let y be (0 + -1)*(-4 - -5). Let l be (-21)/y*(1 - 0). Let a = l - 9. What is the tens digit of a?
1
Suppose -3*w + t - 2*t - 78 = 0, 5*w = -4*t - 130. What is the tens digit of w*(1 - (-25)/(-10))?
3
Let i(j) = 7*j**2 + 7*j - 12. Let q be i(6). Suppose -5*k + 538 + q = 0. What is the tens digit of k?
6
Let v(l) = -l**3 - 4*l**2 - 3*l - 1. Let u be v(-2). Let q be (u/6)/((-1)/18). What is the tens digit of 63 - (-5)/(q + -4)?
6
Let z(k) = 29*k - 452. What is the units digit of z(29)?
9
Suppose 19 = -2*u + c, c + 43 = -4*u - 2*c. What is the units digit of ((-1028)/5 - u/(-25))/(-2)?
3
What is the units digit of (6528/(-128))/(2/(-34))?
7
Let i = 4007 - 1466. What is the hundreds digit of i?
5
Suppose -3*t + 4 + 16 = -4*s, 20 = -4*t - 4*s. Suppose t = 4*k + 2*n - 348, -3*k - 13 = 4*n - 274. What is the tens digit of k?
8
Suppose -a - 540 + 2754 = 0. What is the thousands digit of a?
2
Let c = 390 - 250. Suppose 0 = -3*s + 4*b + c - 4, 4*b = 4*s - 184. What is the units digit of s?
8
Let p(k) = 5*k**2 + 4*k + 46. What is the hundreds digit of p(-13)?
8
Let b(n) be the third derivative of -n**6/144 - 23*n**5/120 - 5*n**4/12 + 4*n**2. Let s(g) be the second derivative of b(g). What is the units digit of s(-10)?
7
Let p(g) = 44*g + 21. Let n be p(2). Let f = n + -77. What is the tens digit of f?
3
Suppose 0*z - 60 = -5*p + 2*z, -5*p + z + 55 = 0. What is the units digit of p?
0
Suppose 3*u - 854 = -68. What is the units digit of u?
2
Let l = -559 - -1143. What is the tens digit of l?
8
Let g(q) = q**3 - 7*q**2 + 16*q - 8. What is the tens digit of g(7)?
0
Let v = 83 - 114. Let i = v + 151. What is the units digit of i?
0
Let u = -8 - -10. Suppose -5*i + 2 = -2*r, -u*r - 5*i = -r - 14. Suppose -3*w = y - r*y - 48, -y = 4*w - 89. What is the units digit of w?
1
Let h(m) = -91*m**3 + m**2 - 2*m - 2. Let k be h(-1). Suppose l = 5*q + k, -q = 1 + 2. What is the tens digit of l?
7
Let w(d) = 11*d**2 - 3*d + 4. Let m be w(1). Suppose 280 = m*v - 4*v. What is the units digit of v?
5
Let f(w) = 18*w**3 + 3*w**2 - w. Suppose g = -10 + 12. What is the units digit of f(g)?
4
Suppose -f - f + 4 = 0. Suppose a = -4*m - 3, -3*a - 11 = 3*m - f. What is the units digit of (-1)/3*a + 7?
8
Let v(r) = 31*r**3 + 6*r**2 - 4*r + 15. Let p be v(5). What is the tens digit of 2/9 - p/(-135)?
3
Let y = -1 + 3. Suppose 3*f = 5*j + 5, -6*j - 3*f + 21 = -3*j. Suppose -76 = -j*w - y*k, 4*w + 5*k = -0*k + 157. What is the tens digit of w?
3
Let w = 47 - 47. Suppose 5*r - 610 - 30 = w. What is the tens digit of r?
2
Let n = -15 + 8. Let f be 30/(-7) + 2/7. Let w = f - n. What is the units digit of w?
3
Let c(d) = -3*d**3 - 14*d**2 - 39*d - 6. What is the hundreds digit of c(-5)?
2
Let r(v) = v**2 - 3*v + 10. Let l be (2 - -4) + 24/(-12). What is the tens digit of r(l)?
1
Suppose 4*d - 2*f - 349 = 14485, 7414 = 2*d - 2*f. What is the thousands digit of d?
3
Let a = 1033 + -811. What is the tens digit of a?
2
Suppose 25*i - 475 = 20*i. What is the tens digit of i?
9
Suppose 48*n = 49*n. Suppose n = 3*q - a - 599, 404 = 2*q + 2*a - 5*a. What is the units digit of q?
9
Suppose 36342 = 15*r - 51738. What is the thousands digit of r?
5
Suppose -2*h = -4*h + 72. Suppose -3*r - v = -81, -3*r - 4*v + 28 = -53. Suppose y - 5*d = 30, 4*y - d - h = r. What is the units digit of y?
5
Let w(f) = -8*f - 2. Let a(s) = 12*s + 3. Let d(h) = -5*a(h) - 7*w(h). What is the tens digit of d(-11)?
4
Suppose 4*r - 15912 = -4*i, 38*i + 11934 = 3*r + 39*i. What is the tens digit of r?
7
Let b be (4/(-5))/((-20)/(-200)). Let o(u) = -u**2 - 11*u + 33. What is the tens digit of o(b)?
5
Let q be (-22)/2*(-8 + 7). Let s = q + -14. What is the units digit of 4/12*-7*s?
7
Let u be (5 - 6)/((-195)/194 - -1). Let y = u + -112. What is the tens digit of y?
8
Let p(m) be the first derivative of m**4/4 + 13*m**3/3 + 11*m**2/2 + 17*m + 10. What is the units digit of p(-12)?
9
Let q be -27 + 16/(4 - 0). Let s = -18 - q. What is the units digit of s?
5
Let g = -787 - -1641. What is the hundreds digit of g?
8
Let i = 4441 - 3132. What is the thousands digit of i?
1
Let p = -6 - -8. Suppose p*k - 14 = -4. What is the units digit